{"id":332,"date":"2020-04-15T14:57:35","date_gmt":"2020-04-15T14:57:35","guid":{"rendered":"https:\/\/www.interfaithsustain.com\/french\/?page_id=332"},"modified":"2026-01-13T12:16:39","modified_gmt":"2026-01-13T12:16:39","slug":"projet-de-seminaire-foi-et-ecologie","status":"publish","type":"page","link":"https:\/\/interfaithsustain.com\/french\/projet-de-seminaire-foi-et-ecologie\/","title":{"rendered":"Projet de S\u00e9minaire Foi et Ecologie"},"content":{"rendered":"<p style=\"text-align: justify;\"><strong>Projet de S\u00e9minaire Foi et Ecologie<\/strong><strong>\u00a0\u00a0\u00a0\u00a0\u00a0\u00a0\u00a0\u00a0\u00a0\u00a0\u00a0\u00a0\u00a0\u00a0\u00a0\u00a0\u00a0\u00a0\u00a0\u00a0\u00a0\u00a0\u00a0\u00a0\u00a0\u00a0\u00a0\u00a0\u00a0\u00a0\u00a0\u00a0\u00a0\u00a0\u00a0\u00a0\u00a0\u00a0\u00a0\u00a0 <\/strong><\/p>\n<p style=\"text-align: justify;\">Le projet de s\u00e9minaire de foi et d&rsquo;\u00e9cologie engage les s\u00e9minaires et les \u00e9coles de th\u00e9ologie, les encourageant \u00e0 enseigner \u00e0 leurs \u00e9tudiants sur le sujet des liens entre religion et \u00e9cologie. Nous travaillons \u00e0 am\u00e9liorer la possibilit\u00e9 d&rsquo;\u00eatre entendu pour un clerg\u00e9 naissant concern\u00e9 par les probl\u00e9matiques \u00e9cologiques.<\/p>\n<p style=\"text-align: justify;\">Conjointement avec ce projet, l\u2019ICSD a publi\u00e9 de nombreux rapports au sujet des cours pour les s\u00e9minaristes sur la foi et l&rsquo;\u00e9cologie offerts par les s\u00e9minaires \u00e0 travers le monde. Le projet promeut et permet le partage de ressources et de programmes de cours entre les s\u00e9minaires, aussi bien que la co-organisation de conf\u00e9rences sur l&rsquo;enseignement \u00e9cologique en th\u00e9ologie pour les doyens et professeurs.<\/p>\n<p style=\"text-align: justify;\"><strong>Les conf\u00e9rences en religion et \u00e9cologie<\/strong><\/p>\n<p style=\"text-align: justify;\">Le centre interconfessionnel pour le d\u00e9veloppement durable, l\u2019ICSD, en collaboration avec de nombreux partenaires, a coorganis\u00e9 une dizaine de conf\u00e9rences interconfessionnelles environnementales depuis 2011. Ces occasions fournissent une opportunit\u00e9 pour les dirigeants religieux et les scientifiques de s&rsquo;adresser au sujet des probl\u00e9matiques li\u00e9es \u00e0 l\u2019environnement durable, et de cr\u00e9er un forum pour le clerg\u00e9, les doyens de s\u00e9minaires, les professeurs, les \u00e9tudiants, politiciens, et membres religieux, et de participer \u00e0 une large gamme de sessions interactives sur la foi et l&rsquo;\u00e9cologie. Plus de 1000 personnes ont particip\u00e9 \u00e0 ces conf\u00e9rences, qui se sont tenues \u00e0 J\u00e9rusalem (cinq), New York, Washington D.C., Atlanta, Dallas, Colombus, Ohio, et Durban en Afrique du sud. Les conf\u00e9rences ont re\u00e7u une large couverture m\u00e9diatique dans plus de 60 m\u00e9dias internationaux.<\/p>\n<p style=\"text-align: justify;\">L\u2019ICSD coorganise des conf\u00e9rences pour les doyens de s\u00e9minaires, les professeurs, et d&rsquo;autres sur la religion et l&rsquo;\u00e9cologie. Les conf\u00e9rences aident les \u00e9quipes s\u00e9minaristes avec les outils dont ils ont besoin pour pr\u00e9parer la future g\u00e9n\u00e9ration de dirigeants religieux \u00e0 s&rsquo;engager efficacement dans le soin de la Cr\u00e9ation et de la justice environnementale.<\/p>\n<p style=\"text-align: justify;\">L\u2019ICSD a co-organis\u00e9 sept conf\u00e9rences pour les professeurs de s\u00e9minaires et leurs doyens ax\u00e9s sur l&rsquo;\u00e9cologie en \u00e9ducation th\u00e9ologique ; le symposium sud-est sur l&rsquo;\u00e9cologie en \u00e9ducation th\u00e9ologique \u00e0 Atlanta en mars 2018, le symposium du centre-ouest sur l&rsquo;\u00e9cologie en \u00e9ducation th\u00e9ologique en 2017, le symposium de Washington D.C. sur l&rsquo;\u00e9cologie en \u00e9ducation th\u00e9ologique en 2017, une conf\u00e9rence \u00e0 new York en 2016, et des conf\u00e9rences \u00e0 J\u00e9rusalem en 2018, 2015, et 2014. <a href=\"https:\/\/interfaithsustain.com\/about-all-conferences\/\">Cliquez ici pour en savoir plus au sujet de ces conf\u00e9rences (en anglais)<\/a><\/p>\n<p style=\"text-align: justify;\"><strong>Nos conf\u00e9rences les plus r\u00e9centes<\/strong><\/p>\n<p style=\"text-align: justify;\">La conf\u00e9rence du s\u00e9minaire interconfessionnel sur le comportement durable s&rsquo;est tenue \u00e0 J\u00e9rusalem le 28 octobre 2019 a l&rsquo;universit\u00e9 de notre dame \u00e0 Tantur. Des personnalit\u00e9s religieuses ont parl\u00e9 des imp\u00e9ratifs religieux pour promouvoir des pratiques environnementales durables. La conf\u00e9rence a engag\u00e9 plus de 100 doyens de s\u00e9minaires, de professeurs, et d\u2019\u00e9tudiants sur la mani\u00e8re d&rsquo;int\u00e9grer un environnement durable dans l&rsquo;\u00e9ducation s\u00e9minariste.<a href=\"https:\/\/interfaithsustain.com\/the-2019-interfaith-seminary-symposium-on-ecological-behavior-in-jerusalem-concept-note-and-schedule\/\"> Cliquez ici pour plus d&rsquo;information en anglais<\/a><\/p>\n<p style=\"text-align: justify;\">Le symposium de Los Angeles sur l&rsquo;\u00e9ducation th\u00e9ologique \u00e9cologique s&rsquo;est d\u00e9roul\u00e9 du dimanche soir au mardi apr\u00e8s-midi, du 3 au 5 novembre 2019, au campus Brandeis Bardin de l&rsquo;American Jewish University \u00e0 Simi Valley, en Californie. Le symposium \u00e9tait destin\u00e9 aux professeurs, au personnel et aux administrateurs de la Californie et d&rsquo;autres s\u00e9minaires de l\u2019Ouest des \u00c9tats-Unis, des \u00e9coles de th\u00e9ologie et des \u00e9coles rabbiniques, et au clerg\u00e9, qui souhaitaient explorer comment l&rsquo;\u00e9ducation th\u00e9ologique pouvait r\u00e9pondre \u00e0 notre r\u00e9alit\u00e9 \u00e9cologique. <a href=\"https:\/\/interfaithsustain.com\/los-angeles-symposium-on-ecologically-informed-theological-education\/\">\u00a0Cliquez ici pour plus d&rsquo;informations.<\/a><\/p>\n<p style=\"text-align: justify;\">Le symposium du sud-ouest sur l\u2019\u00e9ducation th\u00e9ologique \u00e9cologique a eu lieu les 13 et 14 mars 2019 \u00e0 la Brite Divinity School sur le campus de l\u2019Universit\u00e9 chr\u00e9tienne du Texas, \u00e0 Fort Worth. <u>\u00a0<\/u><a href=\"https:\/\/interfaithsustain.com\/the-southwest-symposium\/\">Pour en savoir plus, cliquez ici<\/a><\/p>\n<p style=\"text-align: justify;\">Le symposium du sud-est sur l&rsquo;\u00e9ducation th\u00e9ologique \u00e9cologique a eu lieu au s\u00e9minaire th\u00e9ologique de Columbia pr\u00e8s d&rsquo;Atlanta, en G\u00e9orgie, en mars 2018.<br \/>\n<a href=\"https:\/\/interfaithsustain.com\/engaging-seminaries\/southeast2018symposium\/\">Faith &amp; Eco Symposium Southeast 2018<\/a><\/p>\n<p style=\"text-align: justify;\">\u00a0Le symposium du centre-ouest sur l\u2019\u00e9ducation th\u00e9ologique \u00e9cologique a eu lieu \u00e0 l\u2019\u00e9cole th\u00e9ologique m\u00e9thodiste de l\u2019Ohio, pr\u00e8s de Columbus en octobre 2017.<\/p>\n<p style=\"text-align: justify;\"><a href=\"https:\/\/interfaithsustain.com\/midwest-symposium-oct-2017\/\">Faith &amp; Eco Symposium Midwest 2017<\/a><\/p>\n<p style=\"text-align: justify;\"><strong>Compte rendu sur la Religion et l\u2019\u00e9cologie en \u00e9ducation th\u00e9ologique<\/strong><\/p>\n<p style=\"text-align: justify;\"><em>\u00a0<\/em><em>Compte rendu sur les cours de foi et d&rsquo;\u00e9cologie dans les s\u00e9minaires Nord-am\u00e9ricains<\/em><\/p>\n<p style=\"text-align: justify;\">Ce rapport s\u00e9lectionne les cours \u00e0 th\u00e8me \u00e9cologique donn\u00e9s dans les s\u00e9minaires catholiques en Am\u00e9rique du Nord, \u00e0 Rome et en Terre Sainte.<br \/>\nCe rapport novateur, mis \u00e0 jour en octobre 2017, comprend des descriptions de programmes de plus de 170 cours sur l&rsquo;\u00e9cologie donn\u00e9s dans plus de 60 \u00e9coles et s\u00e9minaires de th\u00e9ologie.<\/p>\n<p style=\"text-align: justify;\"><a href=\"https:\/\/www.static.interfaithsustain.com\/uploads\/2015\/06\/Report_Faith_Ecology2.pdf\">Cliquez ici pour voir le compte rendu<\/a><\/p>\n<p style=\"text-align: justify;\"><em>Rapport sur les cours d&rsquo;\u00e9cologie catholique pour la formation sacerdotale<\/em><\/p>\n<p style=\"text-align: justify;\">Publi\u00e9 en octobre 2016, le Rapport sur les cours d&rsquo;\u00e9cologie catholique pour la formation sacerdotale s\u00e9lectionne les cours sur les th\u00e8mes \u00e9cologiques offerts dans un certain nombre de s\u00e9minaires catholiques en Am\u00e9rique du Nord, \u00e0 Rome et en Terre Sainte. Il fait suite \u00e0 la publication de l&rsquo;encyclique du pape Fran\u00e7ois, Laudato Si \u2019 : \u00ab\u00a0Sur la sauvegarde de la maison commune\u00a0\u00bb, qui a consid\u00e9rablement accru la sensibilisation mondiale au lien \u00e9troit entre la foi et l&rsquo;\u00e9cologie et a appel\u00e9 les s\u00e9minaires et les lieux de culte \u00e0 dispenser une \u00e9ducation sur le soin de la Cr\u00e9ation.<\/p>\n<p style=\"text-align: justify;\"><a href=\"https:\/\/www.static.interfaithsustain.com\/uploads\/2015\/07\/Report-on-Catholic-Ecology-Courses-in-Catholic-Seminaries.pdf\">Cliquez ici pour voir le rapport<\/a><\/p>\n<p style=\"text-align: justify;\"><em>Rapport sur l&rsquo;enseignement de la foi et de l&rsquo;\u00e9cologie dans les s\u00e9minaires en Terre Sainte<\/em><\/p>\n<p style=\"text-align: justify;\">Publi\u00e9 en mars 2016, le compte rendu sur l&rsquo;enseignement de la foi et de l&rsquo;\u00e9cologie en Terre Sainte s\u00e9lectionne les cours de foi et d&rsquo;\u00e9cologie propos\u00e9s par divers s\u00e9minaires en Terre Sainte, en mettant l&rsquo;accent sur les s\u00e9minaires chr\u00e9tiens et juifs.<\/p>\n<p style=\"text-align: justify;\"><a href=\"http:\/\/www.static.interfaithsustain.com\/uploads\/2016\/04\/Holy-Land-Seminaries-Faith-and-Ecology-Report-Final-version-April-16.pdf\">Cliquez ici pour voir le compte rendu<\/a><\/p>\n<p style=\"text-align: justify;\"><em>Soin de la Cr\u00e9ation dans l&rsquo;\u00e9ducation du s\u00e9minaire \u00e9vang\u00e9lique<\/em><br \/>\nUn rapport de l&rsquo;organisation <em>Blessed Earth<\/em> sur le soin de la Cr\u00e9ation lors de la r\u00e9union de 2012 de la Soci\u00e9t\u00e9 \u00c9vang\u00e9lique Th\u00e9ologique.<\/p>\n<p style=\"text-align: justify;\"><strong>Ensemble de programmes en ligne sur la religion et l&rsquo;\u00e9cologie<\/strong><\/p>\n<p style=\"text-align: justify;\">En collaboration avec l\u2019Initiative du S\u00e9minaire Vert et la Seminary Stewardship Alliance, l&rsquo;ICSD propose une collection de programmes de cours en ligne sur la foi et l&rsquo;\u00e9cologie. <a href=\"https:\/\/interfaithsustain.com\/faith-and-ecology-syllabi-collection\/\">Cliquez ici pour voir la collection de programmes.<\/a><\/p>\n<p style=\"text-align: justify;\"><strong>\u00c9cologie dans la Bible, Th\u00e9ologie, collection de programmes \u00e9thiques en ligne<\/strong><\/p>\n<p style=\"text-align: justify;\">En collaboration avec l\u2019Initiative du S\u00e9minaire Vert et la Seminary Stewardship Alliance, l&rsquo;ICSD a cr\u00e9\u00e9 une collection de programmes de cours en ligne sur l\u2019\u00e9cologie dans la Bible, la th\u00e9ologie, et l\u2019\u00e9thique.<\/p>\n<p style=\"text-align: justify;\"><a href=\"https:\/\/interfaithsustain.com\/bible-theology-and-ethics-syllabus-collection\/\">Cliquez ici pour voir la collection de programmes.<\/a><\/p>\n<p style=\"text-align: justify;\"><strong>Le projet d&rsquo;engagement des scientifiques et des s\u00e9minaires<\/strong><\/p>\n<p style=\"text-align: justify;\">Ce projet met en relation des scientifiques de l&rsquo;environnement avec des s\u00e9minaires et des \u00e9coles de th\u00e9ologie dans la m\u00eame localit\u00e9 pour amener des scientifiques \u00e0 donner des conf\u00e9rences dans des s\u00e9minaires sur les probl\u00e8mes environnementaux mondiaux. <a href=\"https:\/\/interfaithsustain.com\/scientists-and-seminaries-ecology-engagement-project\">Cliquez ici pour en savoir plus.<\/a><\/p>\n<p style=\"text-align: justify;\"><strong>Le projet de s\u00e9minaristes en foi et \u00e9cologie en Terre Sainte<\/strong><\/p>\n<p style=\"text-align: justify;\">\u00a0Le projet de foi et d&rsquo;\u00e9cologie des s\u00e9minaristes de Terre Sainte rassemble des \u00e9tudiants musulmans, chr\u00e9tiens et juifs de la Terre Sainte pour des s\u00e9minaires interactifs sur la coexistence humaine et la durabilit\u00e9 environnementale. Le projet forme le nouveau clerg\u00e9 aux d\u00e9fis actuels de la durabilit\u00e9 et aux enseignements religieux qui peuvent y \u00eatre d\u00e9di\u00e9s. <a href=\"https:\/\/interfaithsustain.com\/holy-land-faith-leaders\">Cliquez ici pour en savoir plus.<\/a><\/p>\n<p style=\"text-align: justify;\">L&rsquo;ICSD d\u00e9tient le statut d&rsquo;affili\u00e9 aupr\u00e8s de l&rsquo;Association des \u00e9coles de th\u00e9ologie des \u00c9tats-Unis et du Canada, mais n&rsquo;est pas un membre accr\u00e9dit\u00e9 de l&rsquo;Association. L\u2019ICSD travaille \u00e0 \u00e9chelle mondiale, avec actuellement des engagements en Afrique, au Moyen-Orient, en Am\u00e9rique du Nord et en Europe.<\/p>\n","protected":false},"excerpt":{"rendered":"<p>Projet de S\u00e9minaire Foi et Ecologie\u00a0\u00a0\u00a0\u00a0\u00a0\u00a0\u00a0\u00a0\u00a0\u00a0\u00a0\u00a0\u00a0\u00a0\u00a0\u00a0\u00a0\u00a0\u00a0\u00a0\u00a0\u00a0\u00a0\u00a0\u00a0\u00a0\u00a0\u00a0\u00a0\u00a0\u00a0\u00a0\u00a0\u00a0\u00a0\u00a0\u00a0\u00a0\u00a0\u00a0 Le projet de s\u00e9minaire de foi et d&rsquo;\u00e9cologie engage les s\u00e9minaires et les \u00e9coles de th\u00e9ologie, les encourageant \u00e0 enseigner \u00e0 leurs \u00e9tudiants sur le sujet des liens entre religion et \u00e9cologie. Nous travaillons \u00e0 am\u00e9liorer la possibilit\u00e9 d&rsquo;\u00eatre entendu pour un clerg\u00e9 naissant&hellip;<\/p>\n<p> <a class=\"more-link\" href=\"https:\/\/interfaithsustain.com\/french\/projet-de-seminaire-foi-et-ecologie\/\">Lire la suite<\/a><\/p>\n","protected":false},"author":3,"featured_media":183,"parent":0,"menu_order":0,"comment_status":"closed","ping_status":"closed","template":"","meta":{"footnotes":""},"aioseo_notices":[],"_links":{"self":[{"href":"https:\/\/interfaithsustain.com\/french\/wp-json\/wp\/v2\/pages\/332"}],"collection":[{"href":"https:\/\/interfaithsustain.com\/french\/wp-json\/wp\/v2\/pages"}],"about":[{"href":"https:\/\/interfaithsustain.com\/french\/wp-json\/wp\/v2\/types\/page"}],"author":[{"embeddable":true,"href":"https:\/\/interfaithsustain.com\/french\/wp-json\/wp\/v2\/users\/3"}],"replies":[{"embeddable":true,"href":"https:\/\/interfaithsustain.com\/french\/wp-json\/wp\/v2\/comments?post=332"}],"version-history":[{"count":2,"href":"https:\/\/interfaithsustain.com\/french\/wp-json\/wp\/v2\/pages\/332\/revisions"}],"predecessor-version":[{"id":548,"href":"https:\/\/interfaithsustain.com\/french\/wp-json\/wp\/v2\/pages\/332\/revisions\/548"}],"wp:featuredmedia":[{"embeddable":true,"href":"https:\/\/interfaithsustain.com\/french\/wp-json\/wp\/v2\/media\/183"}],"wp:attachment":[{"href":"https:\/\/interfaithsustain.com\/french\/wp-json\/wp\/v2\/media?parent=332"}],"curies":[{"name":"wp","href":"https:\/\/api.w.org\/{rel}","templated":true}]}}