{"id":324,"date":"2020-04-15T14:43:47","date_gmt":"2020-04-15T14:43:47","guid":{"rendered":"https:\/\/www.interfaithsustain.com\/french\/?page_id=324"},"modified":"2020-05-01T07:53:55","modified_gmt":"2020-05-01T07:53:55","slug":"nous-contacter","status":"publish","type":"page","link":"https:\/\/interfaithsustain.com\/french\/nous-contacter\/","title":{"rendered":"Nous contacter"},"content":{"rendered":"<p>Pour nous contacter, nous vous prions de remplir le formulaire ci-dessous et l&rsquo;un des membres de l&rsquo;\u00e9quipe de Interfaith Center for Sustainable Development vous contactera. Pour l&rsquo;acc\u00e8s \u00e0 nos locaux, veuillez consulter notre page <a href=\"https:\/\/interfaithsustain.com\/directions\/\"><em>Directions<\/em><\/a><\/p>\n<p>[contact-form-7 id=\u00a0\u00bb228&Prime; title=\u00a0\u00bbContact form 1&Prime;]<\/p>\n","protected":false},"excerpt":{"rendered":"<p>Pour nous contacter, nous vous prions de remplir le formulaire ci-dessous et l&rsquo;un des membres de l&rsquo;\u00e9quipe de Interfaith Center for Sustainable Development vous contactera. Pour l&rsquo;acc\u00e8s \u00e0 nos locaux, veuillez consulter notre page Directions [contact-form-7 id=\u00a0\u00bb228&Prime; title=\u00a0\u00bbContact form 1&Prime;]<\/p>\n","protected":false},"author":3,"featured_media":0,"parent":0,"menu_order":0,"comment_status":"closed","ping_status":"closed","template":"templates\/fullwidth.php","meta":{"footnotes":""},"aioseo_notices":[],"_links":{"self":[{"href":"https:\/\/interfaithsustain.com\/french\/wp-json\/wp\/v2\/pages\/324"}],"collection":[{"href":"https:\/\/interfaithsustain.com\/french\/wp-json\/wp\/v2\/pages"}],"about":[{"href":"https:\/\/interfaithsustain.com\/french\/wp-json\/wp\/v2\/types\/page"}],"author":[{"embeddable":true,"href":"https:\/\/interfaithsustain.com\/french\/wp-json\/wp\/v2\/users\/3"}],"replies":[{"embeddable":true,"href":"https:\/\/interfaithsustain.com\/french\/wp-json\/wp\/v2\/comments?post=324"}],"version-history":[{"count":5,"href":"https:\/\/interfaithsustain.com\/french\/wp-json\/wp\/v2\/pages\/324\/revisions"}],"predecessor-version":[{"id":408,"href":"https:\/\/interfaithsustain.com\/french\/wp-json\/wp\/v2\/pages\/324\/revisions\/408"}],"wp:attachment":[{"href":"https:\/\/interfaithsustain.com\/french\/wp-json\/wp\/v2\/media?parent=324"}],"curies":[{"name":"wp","href":"https:\/\/api.w.org\/{rel}","templated":true}]}}

<p>Pour nous contacter, nous vous prions de remplir le formulaire ci-dessous et l&rsquo;un des membres de l&rsquo;équipe de Interfaith Center for Sustainable Development vous contactera. Pour l&rsquo;accès à nos locaux, veuillez consulter notre page <a href="https://interfaithsustain.com/directions/"><em>Directions</em></a></p>
<p>[contact-form-7 id= »228&Prime; title= »Contact form 1&Prime;]</p>

<p>Pour nous contacter, nous vous prions de remplir le formulaire ci-dessous et l&rsquo;un des membres de l&rsquo;équipe de Interfaith Center for Sustainable Development vous contactera. Pour l&rsquo;accès à nos locaux, veuillez consulter notre page Directions [contact-form-7 id= »228&Prime; title= »Contact form 1&Prime;]</p>
