{"id":303,"date":"2020-04-15T14:39:58","date_gmt":"2020-04-15T14:39:58","guid":{"rendered":"https:\/\/www.interfaithsustain.com\/french\/?page_id=303"},"modified":"2026-01-14T08:15:45","modified_gmt":"2026-01-14T08:15:45","slug":"a-propos-de-nous","status":"publish","type":"page","link":"https:\/\/interfaithsustain.com\/french\/a-propos-de-nous\/","title":{"rendered":"\u00c0 propos de nous"},"content":{"rendered":"<p style=\"text-align: justify;\"><strong>Le Centre Interconfessionnel pour le D\u00e9veloppement Durable<\/strong><\/p>\n<p style=\"text-align: justify;\"><strong>Notre mission<\/strong><\/p>\n<p style=\"text-align: justify;\">Le centre interconfessionnel pour le d\u00e9veloppement durable (nomm\u00e9 ICSD en anglais) r\u00e9v\u00e8le les liens entre religions et \u00e9cologie et mobilise les communaut\u00e9s religieuses pour agir en ce sens. L\u2019ICSD travaille \u00e0 \u00e9chelle mondiale, avec actuellement des engagements en Afrique, au Moyen Orient, en Am\u00e9rique du Nord et en Europe.<\/p>\n<p style=\"text-align: justify;\">En 2020, le travail de l\u2019ICSD s\u2019est focalis\u00e9 sur le <a href=\"https:\/\/interfaithsustain.com\/french\/projet-de-seminaire-foi-et-ecologie\/\">Projet de S\u00e9minaire sur la Foi et l\u2019\u00c9cologie<\/a>.\u00a0Nous poursuivons aussi le <a href=\"https:\/\/interfaithsustain.com\/french\/projet-denergie-renouvelable-en-afrique-inspire-par-la-foi\/\">Projet des \u00c9nergies Renouvelables inspir\u00e9 par la Foi<\/a>. L\u2019ICSD fournit aussi une piste de r\u00e9flexion aux communaut\u00e9s confessionnelles et plus encore \u00e0 travers ses \u00e9crits, ses conf\u00e9rences, ses enseignements et son activisme. Notre collection de rapports, d\u2019articles, de cours et plaidoyers, blog, et autres ressources fournissent un point d\u2019acc\u00e8s unique pour les dirigeants de communaut\u00e9s et leurs fid\u00e8les leur permettant ainsi d\u2019explorer les liens entre leurs traditions et les probl\u00e8mes actuels de l\u2019environnement.<\/p>\n<p style=\"text-align: justify;\"><u><a href=\"http:\/\/www.interfaithsustain.com\/about-the-organization\/\">En savoir plus (En anglais)<\/a><\/u><\/p>\n<p><img decoding=\"async\" class=\"wp-image-348 size-full alignleft\" src=\"https:\/\/interfaithsustain.com\/french\/wp-content\/uploads\/2020\/04\/team_banner.jpg\" alt=\"\" width=\"560\" height=\"147\" srcset=\"https:\/\/interfaithsustain.com\/french\/wp-content\/uploads\/2020\/04\/team_banner.jpg 560w, https:\/\/interfaithsustain.com\/french\/wp-content\/uploads\/2020\/04\/team_banner-300x79.jpg 300w\" sizes=\"(max-width: 560px) 100vw, 560px\" \/><\/p>\n<p>&nbsp;<\/p>\n<p>&nbsp;<\/p>\n<p>&nbsp;<\/p>\n<p>&nbsp;<\/p>\n<p>&nbsp;<\/p>\n<p style=\"text-align: justify;\"><u><a href=\"https:\/\/interfaithsustain.com\/team\/\">Rencontrer notre \u00e9quipe<\/a><\/u> \u00a0\u00a0<u><a href=\"https:\/\/interfaithsustain.com\/board-of-directors\/\">Comit\u00e9 de directeurs \u00a0<\/a><\/u>\u00a0<u><a href=\"https:\/\/interfaithsustain.com\/board-of-advisers\/\">Comit\u00e9 de conseillers \u00a0<\/a><\/u>\u00a0<u><a href=\"https:\/\/interfaithsustain.com\/supporters\/\">Nos soutiens<\/a><\/u><\/p>\n<p style=\"text-align: justify;\"><strong>\u00c0<\/strong><strong> propos<\/strong><\/p>\n<p style=\"text-align: justify;\">Bas\u00e9 \u00e0 J\u00e9rusalem, le centre interconfessionnel pour le d\u00e9veloppement durable est enregistr\u00e9 en Isra\u00ebl en tant qu\u2019organisation \u00e0 but non lucratif. L\u2019ICSD est une organisation partenaire du Collectif International sur les religions et le d\u00e9veloppement durable (PaRD en anglais), de Olam Together, de la Shine Campaign et de l\u2019URI (Cercle coop\u00e9ratif international des religions unies).<\/p>\n","protected":false},"excerpt":{"rendered":"<p>Le Centre Interconfessionnel pour le D\u00e9veloppement Durable Notre mission Le centre interconfessionnel pour le d\u00e9veloppement durable (nomm\u00e9 ICSD en anglais) r\u00e9v\u00e8le les liens entre religions et \u00e9cologie et mobilise les communaut\u00e9s religieuses pour agir en ce sens. L\u2019ICSD travaille \u00e0 \u00e9chelle mondiale, avec actuellement des engagements en Afrique, au Moyen&hellip;<\/p>\n<p> <a class=\"more-link\" href=\"https:\/\/interfaithsustain.com\/french\/a-propos-de-nous\/\">Lire la suite<\/a><\/p>\n","protected":false},"author":3,"featured_media":306,"parent":0,"menu_order":0,"comment_status":"closed","ping_status":"closed","template":"","meta":{"footnotes":""},"aioseo_notices":[],"_links":{"self":[{"href":"https:\/\/interfaithsustain.com\/french\/wp-json\/wp\/v2\/pages\/303"}],"collection":[{"href":"https:\/\/interfaithsustain.com\/french\/wp-json\/wp\/v2\/pages"}],"about":[{"href":"https:\/\/interfaithsustain.com\/french\/wp-json\/wp\/v2\/types\/page"}],"author":[{"embeddable":true,"href":"https:\/\/interfaithsustain.com\/french\/wp-json\/wp\/v2\/users\/3"}],"replies":[{"embeddable":true,"href":"https:\/\/interfaithsustain.com\/french\/wp-json\/wp\/v2\/comments?post=303"}],"version-history":[{"count":10,"href":"https:\/\/interfaithsustain.com\/french\/wp-json\/wp\/v2\/pages\/303\/revisions"}],"predecessor-version":[{"id":353,"href":"https:\/\/interfaithsustain.com\/french\/wp-json\/wp\/v2\/pages\/303\/revisions\/353"}],"wp:featuredmedia":[{"embeddable":true,"href":"https:\/\/interfaithsustain.com\/french\/wp-json\/wp\/v2\/media\/306"}],"wp:attachment":[{"href":"https:\/\/interfaithsustain.com\/french\/wp-json\/wp\/v2\/media?parent=303"}],"curies":[{"name":"wp","href":"https:\/\/api.w.org\/{rel}","templated":true}]}}

À propos de nous

<p style="text-align: justify;"><strong>Le Centre Interconfessionnel pour le Développement Durable</strong></p>
<p style="text-align: justify;"><strong>Notre mission</strong></p>
<p style="text-align: justify;">Le centre interconfessionnel pour le développement durable (nommé ICSD en anglais) révèle les liens entre religions et écologie et mobilise les communautés religieuses pour agir en ce sens. L’ICSD travaille à échelle mondiale, avec actuellement des engagements en Afrique, au Moyen Orient, en Amérique du Nord et en Europe.</p>
<p style="text-align: justify;">En 2020, le travail de l’ICSD s’est focalisé sur le <a href="https://interfaithsustain.com/french/projet-de-seminaire-foi-et-ecologie/">Projet de Séminaire sur la Foi et l’Écologie</a>. Nous poursuivons aussi le <a href="https://interfaithsustain.com/french/projet-denergie-renouvelable-en-afrique-inspire-par-la-foi/">Projet des Énergies Renouvelables inspiré par la Foi</a>. L’ICSD fournit aussi une piste de réflexion aux communautés confessionnelles et plus encore à travers ses écrits, ses conférences, ses enseignements et son activisme. Notre collection de rapports, d’articles, de cours et plaidoyers, blog, et autres ressources fournissent un point d’accès unique pour les dirigeants de communautés et leurs fidèles leur permettant ainsi d’explorer les liens entre leurs traditions et les problèmes actuels de l’environnement.</p>
<p style="text-align: justify;"><u><a href="http://www.interfaithsustain.com/about-the-organization/">En savoir plus (En anglais)</a></u></p>
<p><img decoding="async" class="wp-image-348 size-full alignleft" src="https://interfaithsustain.com/french/wp-content/uploads/2020/04/team_banner.jpg" alt="" width="560" height="147" srcset="https://interfaithsustain.com/french/wp-content/uploads/2020/04/team_banner.jpg 560w, https://interfaithsustain.com/french/wp-content/uploads/2020/04/team_banner-300x79.jpg 300w" sizes="(max-width: 560px) 100vw, 560px" /></p>
<p>&nbsp;</p>
<p>&nbsp;</p>
<p>&nbsp;</p>
<p>&nbsp;</p>
<p>&nbsp;</p>
<p style="text-align: justify;"><u><a href="https://interfaithsustain.com/team/">Rencontrer notre équipe</a></u>   <u><a href="https://interfaithsustain.com/board-of-directors/">Comité de directeurs  </a></u> <u><a href="https://interfaithsustain.com/board-of-advisers/">Comité de conseillers  </a></u> <u><a href="https://interfaithsustain.com/supporters/">Nos soutiens</a></u></p>
<p style="text-align: justify;"><strong>À</strong><strong> propos</strong></p>
<p style="text-align: justify;">Basé à Jérusalem, le centre interconfessionnel pour le développement durable est enregistré en Israël en tant qu’organisation à but non lucratif. L’ICSD est une organisation partenaire du Collectif International sur les religions et le développement durable (PaRD en anglais), de Olam Together, de la Shine Campaign et de l’URI (Cercle coopératif international des religions unies).</p>

<p>Le Centre Interconfessionnel pour le Développement Durable Notre mission Le centre interconfessionnel pour le développement durable (nommé ICSD en anglais) révèle les liens entre religions et écologie et mobilise les communautés religieuses pour agir en ce sens. L’ICSD travaille à échelle mondiale, avec actuellement des engagements en Afrique, au Moyen&hellip;</p>
<p> <a class="more-link" href="https://interfaithsustain.com/french/a-propos-de-nous/">Lire la suite</a></p>
